.
-305
What is -12 (base 5) in base 15?
-7
-1110000 (base 2) to base 8
-160
Convert 222 (base 3) to base 16.
1a
What is -5 (base 11) in base 6?
-5
-5 (base 16) to base 6
-5
What is 4 (base 16) in base 15?
4
Convert 1 (base 12) to base 10.
1
Convert 14 (base 11) to base 13.
12
Convert 10 (base 11) to base 6.
15
Convert 1 (base 15) to base 6.
1
What is -110 (base 2) in base 16?
-6
110 (base 2) to base 7
6
5 (base 8) to base 4
11
-20 (base 15) to base 13
-24
Convert 3 (base 8) to base 2.
11
1c (base 16) to base 8
34
What is -37 (base 14) in base 7?
-100
-112 (base 7) to base 14
-42
2 (base 8) to base 7
2
5 (base 11) to base 12
5
Convert -3 (base 10) to base 9.
-3
What is 13 (base 4) in base 11?
7
-1010100 (base 2) to base 14
-60
Convert -18 (base 16) to base 6.
-40
Convert -a7 (base 12) to base 13.
-9a
What is -c (base 13) in base 11?
-11
Convert -2 (base 11) to base 12.
-2
13 (base 4) to base 15
7
4 (base 8) to base 2
100
-23 (base 11) to base 16
-19
What is -214 (base 7) in base 5?
-414
5 (base 14) to base 10
5
Convert -110 (base 2) to base 3.
-20
Convert 110 (base 2) to base 7.
6
Convert -1 (base 4) to base 5.
-1
-6 (base 16) to base 8
-6
What is 88 (base 15) in base 12?
a8
What is 13 (base 10) in base 6?
21
b (base 12) to base 9
12
What is -1 (base 13) in base 14?
-1
What is 4 (base 13) in base 12?
4
Convert -1 (base 13) to base 8.
-1
Convert -4 (base 16) to base 14.
-4
What is -1 (base 15) in base 13?
-1
Convert -311 (base 4) to base 10.
-53
Convert -53 (base 16) to base 13.
-65
What is -15 (base 14) in base 2?
-10011
5 (base 15) to base 16
5
What is -43 (base 8) in base 3?
-1022
What is b (base 12) in base 10?
11
-7 (base 14) to base 12
-7
-8b (base 13) to base 4
-1303
21 (base 15) to base 13
25
Convert -6 (base 15) to base 9.
-6
What is -2 (base 11) in base 16?
-2
What is 4 (base 16) in base 11?
4
Convert -3 (base 13) to base 7.
-3
Convert -211 (base 3) to base 15.
-17
Convert 13 (base 6) to base 15.
9
What is -21122 (base 3) in base 2?
-11001110
34 (base 7) to base 12
21
What is -87 (base 12) in base 2?
-1100111
What is -6 (base 7) in base 6?
-10
What is 301 (base 4) in base 5?
144
What is 37 (base 11) in base 14?
2c
What is 6 (base 12) in base 16?
6
What is 10 (base 6) in base 7?
6
What is -111 (base 2) in base 4?
-13
What is -146 (base 9) in base 7?
-234
What is -6 (base 10) in base 6?
-10
What is 10 (base 2) in base 11?
2
What is -21 (base 3) in base 11?
-7
-100 (base 11) to base 4
-1321
2a (base 13) to base 10
36
What is d8 (base 16) in base 2?
11011000
What is -3 (base 13) in base 7?
-3
4 (base 9) to base 12
4
Convert 4 (base 13) to base 16.
4
Convert 2 (base 15) to base 3.
2
What is 1 (base 15) in base 10?
1
Convert -112 (base 5) to base 11.
-2a
Convert 28 (base 11) to base 15.
20
What is -3 (base 8) in base 6?
-3
-1 (base 10) to base 14
-1
4 (base 10) to base 6
4
Convert -1 (base 6) to base 12.
-1
What is -101001 (base 2) in base 15?
-2b
-74 (base 8) to base 11
-55
What is -35 (base 8) in base 4?
-131
Convert 1 (base 13) to base 8.
1
Convert 133 (base 5) to base 15.
2d
Convert -35 (base 12) to base 6.
-105
Convert -2d (base 14) to base 2.
-101001
-12 (base 11) to base 10
-13
Convert 81 (base 10) to base 16.
51
What is 10 (base 4) in base 11?
4
Convert 3 (base 9) to base 15.
3
Convert -140 (base 6) to base 10.
-60
Convert -10 (base 2) to base 4.
-2
What is 10 (base 11) in base 5?
21
Convert -21 (base 7) to base 16.
-f
-3 (base 12) to base 10
-3
20 (base 16) to base 8
40
Convert 30 (base 8) to base 12.
20
Convert 11 (base 2) to base 10.
3
Convert 14 (base 10) to base 6.
22
Convert 14 (base 10) to base 15.
e
Convert -16 (base 11) to base 7.
-23
13 (base 6) to base 10
9
What is -1 (base 3) in base 4?
-1
88 (base 11) to base 6
240
133 (base 5) to base 2
101011
61 (base 14) to base 10
85
What is -1 (base 2) in base 14?
-1
Convert 12 (base 8) to base 11.
a
8 (base 10) to base 13
8
What is -12b (base 14) in base 13?
-151
Convert 24 (base 16) to base 8.
44
Convert 0 (base 3) to base 2.
0
What is -14 (base 6) in base 12?
-a
3 (base 5) to base 11
3
-11 (base 4) to base 10
-5
What is -db (base 14) in base 15?
-cd
Convert 7 (base 11) to base 4.
13
Convert 5 (base 12) to base 15.
5
-5 (base 7) to base 6
-5
Convert -1 (base 9) to base 2.
-1
What is 113 (base 4) in base 11?
21
What is -12021 (base 3) in base 13?
-ac
What is -5 (base 7) in base 5?
-10
What is 1 (base 16) in base 14?
1
What is -a (base 11) in base 6?
-14
Convert -31 (base 9) to base 4.
-130
Convert 1 (base 3) to base 11.
1
Convert -7 (base 9) to base 4.
-13
Convert 1 (base 4) to base 9.
1
2b (base 15) to base 8
51
-3 (base 7) to base 10
-3
Convert 10 (base 2) to base 13.
2
-1a (base 11) to base 4
-111
2 (base 4) to base 13
2
What is 210 (base 3) in base 14?
17
What is 11 (base 12) in base 3?
111
What is -11 (base 2) in base 15?
-3
What is -4 (base 10) in base 16?
-4
What is 3 (base 5) in base 15?
3
What is 44 (base 7) in base 9?
35
What is 1011 (base 2) in base 15?
b
Convert 100 (base 2) to base 10.
4
What is -15 (base 6) in base 13?
-b
-110 (base 4) to base 15
-15
What is 2 (base 6) in base 12?
2
-21 (base 3) to base 14
-7
Convert 42 (base 16) to base 12.
56
What is 1222 (base 4) in base 15?
71
-104 (base 5) to base 8
-35
-101111000 (base 2) to base 6
-1424
-5 (base 13) to base 10
-5
-9 (base 12) to base 14
-9
Convert -25 (base 7) to base 12.
-17
Convert 18 (base 16) to base 5.
44
What is 15 (base 11) in base 10?
16
3e (base 15) to base 2
111011
-1 (base 16) to base 7
-1
-3 (base 8) to base 15
-3
Convert 7 (base 13) to base 16.
7
What is -10 (base 9) in base 15?
-9
What is 0 (base 10) in base 13?
0
Convert 174 (base 9) to base 13.
b5
What is -1 (base 4) in base 15?
-1
What is -1 (base 8) in base 16?
-1
Convert -30 (base 4) to base 6.
-20
Convert -111 (base 2) to base 13.
-7
Convert 25 (base 9) to base 8.
27
-1 (base 10) to base 15
-1
23 (base 4) to base 11
10
0 (base 9) to base 2
0
Convert 34 (base 8) to base 16.
1c
What is -128 (base 9) in base 2?
-1101011
What is 500 (base 6) in base 5?
1210
Convert -102 (base 5) to base 14.
-1d
What is -1300 (base 5) in base 12?
-148
Convert -200 (base 7) to base 4.
-1202
What is -4 (base 13) in base 4?
-10
Convert -4 (base 11) to base 10.
-4
1111001 (base 2) to base 7
232
What is -122 (base 5) in base 12?
-31
-9 (base 16) to base 3
-100
What is -316 (base 7) in base 11?
-136
What is 19 (base 15) in base 3?
220
Convert -23 (base 15) to base 9.
-36
Convert 24 (base 5) to base 14.
10
6 (base 7) to base 15
6
3 (base 7) to base 14
3
What is 8 (base 13) in base 11?
8
What is 4 (base 13) in base 15?
4
What is 1 (base 6) in base 16?
1
What is 1 (base 4) in base 12?
1
10112 (base 3) to base 10
95
Convert 9 (base 14) to base 9.
10
What is 224 (base 5) in base 4?
1000
Convert 8c (base 16) to base 3.
12012
-3 (base 7) to base 3
-10
-100100 (base 2) to base 9
-40
What is -97 (base 15) in base 9?
-167
What is -3 (base 4) in base 9?
-3
4 (base 12) to base 5
4
What is -3 (base 11) in base 8?
-3
10 (base 4) to base 13
4
5 (base 16) to base 15
5
-22 (base 3) to base 7
-11
What is 5 (base 6) in base 3?
12
Convert 3 (base 8) to base 7.
3
Convert -85 (base 9) to base 13.
-5c
What is -18 (base 16) in base 9?
-26
What is 104 (base 6) in base 4?
220
What is 101 (base 4) in base 16?
11
Convert 111 (base 7) to base 11.
52
What is -2 (base 3) in base 9?
-2
What is 7 (base 12) in base 4?
13
Convert -13 (base 6) to base 15.
-9
Convert 11 (base 8) to base 5.
14
-4 (base 5) to base 15
-4
What is -101110 (base 2) in base 4?
-232
What is 3320 (base 4) in base 14?
13a
What is -16 (base 15) in base 11?
-1a
-312 (base 4) to base 13
-42
-110 (base 2) to base 16
-6
Convert 278 (base 9) to base 10.
233
Convert -105 (base 9) to base 11.
-79
What is 171 (base 8) in base 12?
a1
What is -21 (base 15) in base 12?
-27
-101 (base 2) to base 12
-5
-5 (base 14) to base 10
-5
Convert 2 (base 13) to base 7.
2
What is 0 (base 2) in base 13?
0
What is 5 (base 11) in base 5?
10
Convert -3 (base 11) to base 8.
-3
3 (base 14) to base 4
3
Convert 224 (base 5) to base 13.
4c
Convert 3 (base 7) to base 16.
3
Convert 9f (base 16) to base 13.
c3
What is -d (base 14) in base 13?
-10
-1b6 (base 12) to base 9
-343
What is 2 (base 10) in base 5?
2
2 (base 13) to base 3
2
Convert -1010 (base 2) to base 